y 18?
15
What is the remainder when (-31 + 19)/((8/6)/(-2)) is divided by 5?
3
Let j(h) = 184*h**2 - 3*h + 2. Suppose -6*d - 15 = -11*d. Suppose p = 5, -p + 12 = -d*k + 2*p. Calculate the remainder when j(k) is divided by 37.
35
Let s(f) = -f - 3. Let b be s(-6). Let r be (1/4)/(b/1284). Let h = r + -50. What is the remainder when h is divided by 20?
17
Let t be ((-95)/15)/((-2)/6). Let h(k) = k**3 - 18*k**2 - 16*k - 8. Calculate the remainder when h(t) is divided by 10.
9
Let y = -5 + 32. Suppose 7*z = 4*z - 18. Let a(c) = c**3 + 5*c**2 - 15*c - 1. What is the remainder when a(z) is divided by y?
26
Let u(d) = 7*d**2 + d. Let t be u(2). Suppose m = -t + 4. What is the remainder when 35 is divided by m*((-21)/6 + 3)?
9
Suppose 0*p - 5*p = -a + 95, -2*p = 3*a + 21. Let o = p - -21. What is the remainder when o is divided by 1?
0
Let b(i) = -2*i. Let n be ((-144)/32)/(43/(-42) - -1). Let a = -173 + n. What is the remainder when a is divided by b(-5)?
6
Let q(u) = u**2 - 6*u + 2. Let y be q(5). Let r be (0 - -1)*(-129)/y. Let w = -15 + r. What is the remainder when w is divided by 10?
8
Suppose 0 = -2*x + 4*c + 82, -43 = -x + c - 0*c. Let z = x - 11. Calculate the remainder when z is divided by 5.
4
Let h be (9 - -6)/(9/(-6)). What is the remainder when 34 is divided by (-116)/h - (-18)/45?
10
Suppose -x + 43 = 3*u, -3*x - 2*x + 5*u + 155 = 0. Let n = 6 + 6. What is the remainder when x is divided by n?
10
Let k = -255 - -265. Let v = -63 + 96. Calculate the remainder when v is divided by k.
3
What is the remainder when ((-372)/(-8))/((-9)/(-18)) is divided by 33?
27
Let k(r) = -97*r + 490. Let z be k(5). Suppose n - 4*x - 6 = 2*n, -2 = -4*n - 3*x. Suppose -z = -n*g + g. Calculate the remainder when 17 is divided by g.
2
Let z(s) = 2*s**3 + 21*s**2 + 8*s + 1. Let h(d) = -d**2 - 1. Let q(b) = 2*h(b) + z(b). What is the remainder when 23 is divided by q(-9)?
7
Let t = 263 - 249. What is the remainder when 31 is divided by t?
3
Suppose 0 = 2*n - 5*n + 360. Suppose 0 = -6*w - 12 + n. Let d = 183 - 113. Calculate the remainder when d is divided by w.
16
Let i(f) = f + 25. Suppose 18*k - 33 = 15*k. What is the remainder when i(-5) is divided by k?
9
Suppose 28*t - 86 = 110. Let a(v) = 9*v**2 + 2*v + 2. Calculate the remainder when a(-2) is divided by t.
6
Calculate the remainder when (136/28)/((-2)/(-28)) is divided by 15.
8
Suppose -o - 2*x + 41 = 4, -5*o = 2*x - 169. Let f(l) = l**3 - l**2 - 3*l + 3. Calculate the remainder when o is divided by f(3).
9
Let k = -37 + 106. Calculate the remainder when k is divided by 10.
9
Let p = 261 + -249. Suppose 4*r = r. Suppose -2*m - i + 89 = 0, r*i = -3*m + 5*i + 153. What is the remainder when m is divided by p?
10
Suppose 10147 + 17760 = 59*x. What is the remainder when x is divided by 17?
14
Suppose -3 = -2*i + 3. Suppose 29 = i*x + 4*q, 8*q - 3*q - 25 = 0. Suppose 4*c = -b + 31, x*c = -4*b + 77 - 18. Calculate the remainder when 20 is divided by b.
9
Suppose 535 = 5*g - t, -128*g + 129*g - 5*t - 107 = 0. What is the remainder when 422 is divided by g?
101
Let h(a) = a**3 + 10*a**2 + 9*a - 19. Let y be h(-9). Let i be 1/2 - (-135)/6. Let l = y + i. Calculate the remainder when 13 is divided by l.
1
Let m = -11 - -11. Suppose m = -5*v + 4*y + 52, 3*v - 30 = -0*v + 2*y. Let n = -25 - -53. What is the remainder when n is divided by v?
4
Let q(w) = -w + 7. Let f be q(7). Let a be 0 + 3 + -1 + 0. Suppose 0 = -f*d - a*d + 18. What is the remainder when 25 is divided by d?
7
Suppose 72*o - 1437 = 75. Calculate the remainder when 124 is divided by o.
19
Let r(k) = 4*k - 1. Calculate the remainder when r(4) is divided by (-53)/(-11) - (10 + 1456/(-143)).
0
Let q(d) = -2*d**3 - 11*d**2 - 9*d + 22. What is the remainder when (-46)/5*(-5)/1 is divided by q(-4)?
6
Suppose 4*f = x + 195, 0 = -f - 2*f + 5*x + 159. Suppose p - 6 = -p, -4*p = 4*t - 12. Suppose 5*s - 2*s - f = t. Calculate the remainder when s is divided by 9.
7
Suppose -5*y = -5*t + 45, 3*t - 29 = -y + 6*y. Calculate the remainder when (-3)/(430/(-106) - -4) is divided by t.
5
Let j(t) = -t**2 + 2*t + 3. Let i be j(-2). Let n(x) = -x**3 - x**2 + 4*x - 2. Calculate the remainder when n(i) is divided by 3/2*1/(-3)*-54.
24
Suppose 4*b - 1955 = 3*b - 3*g, -3*g = -4*b + 7895. What is the remainder when b is divided by 68?
66
Let c(t) = -3*t**3 + 2*t**2 - t. Let o = 38 + -33. Suppose -1 = -4*s - 3*d, o*d - 7 - 2 = -3*s. What is the remainder when 99 is divided by c(s)?
31
Let q = 52 - 46. Suppose 11*h - q*h - 90 = 0. Suppose 2*b - 1 - 9 = -5*w, 0 = -5*b + w + 25. What is the remainder when h is divided by b?
3
Let x = 222 - 66. Let b = 6 + x. Calculate the remainder when b is divided by 41.
39
Suppose 16*x - 327 = -71. Let d = 59 - 31. What is the remainder when d is divided by x?
12
Let w be (2 - 6 - -2) + 18. Suppose -46 = -4*c - h + 3*h, -2*h - w = -c. Let f(q) = 5*q - 23. What is the remainder when f(10) is divided by c?
7
Suppose 0 = -0*a - 2*a + 6, -4*l - 3*a + 273 = 0. Calculate the remainder when l is divided by 17/(1*(3 - 2)).
15
Suppose -3*b + 219 = -0*b. Let s = b - 44. Suppose -4*n + c = -227, -3*n + 168 = c - 4*c. Calculate the remainder when n is divided by s.
28
Let p(q) = -q**2 + 5*q + 3. Let w(l) = l**2 - 4*l - 2. Let n(f) = 2*p(f) + 3*w(f). Calculate the remainder when 69 is divided by n(-4).
21
Suppose 0 = 4*c - 0*c - 16. Suppose 4*w - 5*g = 119, 0 = 5*w + 3*g - 116 - 42. Let o = w - 29. What is the remainder when c is divided by o?
0
Suppose 2*t - 2*l - 110 = 0, -4 = 4*l - 12. Suppose 4*f + 2*d = 4*d, 0 = -5*d + 20. What is the remainder when t is divided by 1*(-276)/(-27) + f/(-9)?
7
Let a(f) be the first derivative of f**2/2 + 22*f - 19. Calculate the remainder when 138 is divided by a(6).
26
Suppose -2*h + 6 = h, -2*n + 58 = h. Suppose 0 = -a - 2*a + 2*j + 233, -20 = -4*j. What is the remainder when a is divided by n?
25
Let s(q) = 6*q - 15. Let d(h) = 7*h - 16. Let l(c) = 5*d(c) - 6*s(c). What is the remainder when 17 is divided by l(0)?
7
What is the remainder when 194 is divided by (-16 - -37) + (-15)/3?
2
Suppose -y + 26 = 3*m, 4*y - 18 - 114 = 2*m. Let g = -16475 - -16486. What is the remainder when y is divided by g?
10
Suppose 0 = -5*b + q - 161, 3*q - 8*q + 112 = -4*b. Let n = b - -55. Suppose 12*t = 8*t + 344. Calculate the remainder when t is divided by n.
20
Let d be 346/(-4) - (-21)/14. Let m = 63 + 21. What is the remainder when m is divided by (d/5)/(0 - 1)?
16
Let g = 518 - 311. What is the remainder when g is divided by 53?
48
Let u(d) = 2*d**3 - 2*d**2 - d - 3. Let y be u(4). Suppose -y = -2*z + 55. Let i = z - 39. Calculate the remainder when i is divided by 17.
16
Suppose -j = 3*k + 9, 0*j - 4*j + 8 = k. Suppose 45 = -2*o + 7*o + 5*t, 5*t = 0. Calculate the remainder when 35*(j + -1 - 1) is divided by o.
8
Let v(x) be the second derivative of x**5/20 + 7*x**4/6 - 7*x**3/3 + 19*x**2/2 - 11*x. What is the remainder when 7 is divided by v(-15)?
3
Let f = 158 + -110. What is the remainder when 83 is divided by f?
35
Calculate the remainder when 3066/77 - (-12)/66 is divided by 18.
4
Suppose -7*w + 6*w + 2*q + 64 = 0, 3*w - 5*q = 188. Calculate the remainder when 213 is divided by w.
45
Suppose -20 = 3*o + 2*o. Let x = o - -5. Calculate the remainder when x/((-8)/(-20))*14 is divided by 18.
17
Let d(j) = 44*j + 452. Calculate the remainder when 1475 is divided by d(-10).
11
What is the remainder when (-1)/(10/8) - (-111259)/155 is divided by 40?
37
Let g(o) = -o**3 + 17*o**2 + 17*o + 15. Let q be g(18). Suppose d = -3*t - 2, -3*t + 2*t - 1 = 0. Calculate the remainder when d is divided by (9/((-6)/2))/q.
0
Calculate the remainder when 236 is divided by (-4851)/(-81) - 2/(-18).
56
Suppose -5*c - 38 = -5*k + 17, -k - 29 = 3*c. Let p = -20 + c. Calculate the remainder when 20 is divided by 1 + 9/((-27)/p).
9
Suppose 2*x + 5*u - 60 = u, 70 = 3*x + 2*u. Calculate the remainder when 59 is divided by x.
19
Let q = 8 - 6. Suppose o + o = 0. Suppose -q*a + 30 + 10 = o. What is the remainder when a is divided by 11?
9
Let a be 0*(-4)/(-8) + 2 - 0. Suppose -9*q + 112 = -a*q. What is the remainder when -5*(134/(-10) - -1) is divided by q?
14
Let i(z) = 17*z**2 + 28*z + 37. Calculate the remainder when i(-5) is divided by 27.
25
Suppos